{"id":536,"date":"2025-07-31T19:37:47","date_gmt":"2025-07-31T19:37:47","guid":{"rendered":"https:\/\/www.iessa.edu.br\/site\/?page_id=536"},"modified":"2025-07-31T19:41:46","modified_gmt":"2025-07-31T19:41:46","slug":"pedagogia-2","status":"publish","type":"page","link":"https:\/\/www.iessa.edu.br\/site\/pedagogia-2\/","title":{"rendered":"Institucional"},"content":{"rendered":"\t\t<div data-elementor-type=\"wp-page\" data-elementor-id=\"536\" class=\"elementor elementor-536\" data-elementor-post-type=\"page\">\n\t\t\t\t<div class=\"elementor-element elementor-element-9484fd6 e-con-full e-flex e-con e-parent\" data-id=\"9484fd6\" data-element_type=\"container\" data-settings=\"{&quot;background_background&quot;:&quot;classic&quot;}\">\n\t\t<div class=\"elementor-element elementor-element-96e32c5 e-con-full e-flex e-con e-child\" data-id=\"96e32c5\" data-element_type=\"container\">\n\t\t\t\t<div class=\"elementor-element elementor-element-73711a3 elementor-widget elementor-widget-heading\" data-id=\"73711a3\" data-element_type=\"widget\" data-widget_type=\"heading.default\">\n\t\t\t\t\t<h1 class=\"elementor-heading-title elementor-size-default\">Institucional<\/h1>\t\t\t\t<\/div>\n\t\t\t\t<\/div>\n\t\t<div class=\"elementor-element elementor-element-c409378 e-con-full e-flex e-con e-child\" data-id=\"c409378\" data-element_type=\"container\">\n\t\t\t\t<\/div>\n\t\t\t\t<\/div>\n\t\t<div class=\"elementor-element elementor-element-116743b e-flex e-con-boxed e-con e-parent\" data-id=\"116743b\" data-element_type=\"container\">\n\t\t\t\t\t<div class=\"e-con-inner\">\n\t\t<div class=\"elementor-element elementor-element-e3379b5 e-con-full e-flex e-con e-child\" data-id=\"e3379b5\" data-element_type=\"container\">\n\t\t\t\t<div class=\"elementor-element elementor-element-69981a5 elementor-widget elementor-widget-text-editor\" data-id=\"69981a5\" data-element_type=\"widget\" data-widget_type=\"text-editor.default\">\n\t\t\t\t\t\t\t\t\t<p data-start=\"669\" data-end=\"941\">A Institui\u00e7\u00e3o de Ensino Superior Sant&#8217;Ana (IESSA) re\u00fane o Instituto Superior de Educa\u00e7\u00e3o Sant\u2019Ana (Portaria n\u00ba 2812 de 03\/10\/2002) e a Faculdade Sant\u2019Ana (Portaria n\u00ba 594 de 28\/02\/2005), compondo uma trajet\u00f3ria s\u00f3lida e comprometida com a forma\u00e7\u00e3o integral de seus alunos.<\/p><p data-start=\"943\" data-end=\"1202\">Fundamentada nos valores centen\u00e1rios do Col\u00e9gio Sant\u2019Ana e na miss\u00e3o filos\u00f3fica das Mission\u00e1rias Servas do Esp\u00edrito Santo, a Faculdade Sant\u2019Ana promove uma educa\u00e7\u00e3o \u00e9tica, cidad\u00e3 e transformadora, com foco na excel\u00eancia do conhecimento e nas rela\u00e7\u00f5es humanas.<\/p><p data-start=\"1204\" data-end=\"1464\">Com um olhar atento \u00e0s mudan\u00e7as sociais e \u00e0s demandas do mercado, a institui\u00e7\u00e3o investe em ensino, pesquisa e extens\u00e3o, formando profissionais qualificados, conscientes de seu papel na sociedade e preparados para transformar a realidade por meio de suas a\u00e7\u00f5es.<\/p><p data-start=\"1466\" data-end=\"1767\">Para garantir uma forma\u00e7\u00e3o completa, a IESSA mant\u00e9m parcerias com escolas, empresas, cl\u00ednicas e organiza\u00e7\u00f5es diversas, promovendo est\u00e1gios supervisionados e viv\u00eancias pr\u00e1ticas desde a gradua\u00e7\u00e3o. O resultado \u00e9 um aluno preparado para o mercado de trabalho, com s\u00f3lida base te\u00f3rica e experi\u00eancias reais.<\/p><p data-start=\"1769\" data-end=\"1823\">Al\u00e9m disso, a estrutura da Faculdade Sant\u2019Ana oferece:<\/p><p data-start=\"2484\" data-end=\"2629\">Na Faculdade Sant\u2019Ana, estudar \u00e9 mais que obter um diploma: \u00e9 construir um futuro com valores, conhecimento e experi\u00eancias que transformam vidas.<\/p>\t\t\t\t\t\t\t\t<\/div>\n\t\t\t\t<\/div>\n\t\t\t\t\t<\/div>\n\t\t\t\t<\/div>\n\t\t<div class=\"elementor-element elementor-element-afefab6 e-con-full e-flex e-con e-parent\" data-id=\"afefab6\" data-element_type=\"container\" data-settings=\"{&quot;background_background&quot;:&quot;classic&quot;}\">\n\t\t\t\t<div class=\"elementor-element elementor-element-2034329 elementor-widget elementor-widget-heading\" data-id=\"2034329\" data-element_type=\"widget\" data-widget_type=\"heading.default\">\n\t\t\t\t\t<h2 class=\"elementor-heading-title elementor-size-default\">Faculdade Sant\u2019Ana: Tradi\u00e7\u00e3o, Inova\u00e7\u00e3o e Excel\u00eancia no Ensino Superior<\/h2>\t\t\t\t<\/div>\n\t\t\t\t<\/div>\n\t\t<div class=\"elementor-element elementor-element-d161ac8 e-con-full e-flex e-con e-parent\" data-id=\"d161ac8\" data-element_type=\"container\" data-settings=\"{&quot;background_background&quot;:&quot;classic&quot;}\">\n\t\t\t\t<div class=\"elementor-element elementor-element-7510982 elementor-widget elementor-widget-text-editor\" data-id=\"7510982\" data-element_type=\"widget\" data-widget_type=\"text-editor.default\">\n\t\t\t\t\t\t\t\t\t<p>Um espa\u00e7o pensado e preparado para propiciar a melhor prepara\u00e7\u00e3o da sua carreira. Conhe\u00e7a um pouco mais de nossa estrutura:<\/p><ul><li><ul><li data-start=\"1825\" data-end=\"1911\"><p data-start=\"1827\" data-end=\"1911\"><strong data-start=\"1827\" data-end=\"1911\">Salas amplas, arejadas e equipadas com tecnologia multim\u00eddia e internet wireless<\/strong><\/p><\/li><li data-start=\"1912\" data-end=\"1969\"><p data-start=\"1914\" data-end=\"1969\"><strong data-start=\"1914\" data-end=\"1969\">Ambientes acess\u00edveis com rampas e fluxos integrados<\/strong><\/p><\/li><li data-start=\"1970\" data-end=\"2045\"><p data-start=\"1972\" data-end=\"2045\"><strong data-start=\"1972\" data-end=\"2045\">Pra\u00e7a de alimenta\u00e7\u00e3o funcional, pensada para o cotidiano do estudante<\/strong><\/p><\/li><li data-start=\"2046\" data-end=\"2102\"><p data-start=\"2048\" data-end=\"2102\"><strong data-start=\"2048\" data-end=\"2102\">Sal\u00e3o Nobre para eventos acad\u00eamicos e comunit\u00e1rios<\/strong><\/p><\/li><li data-start=\"2103\" data-end=\"2186\"><strong data-start=\"2105\" data-end=\"2186\">Biblioteca atualizada, com acesso online, computadores e sistema de impress\u00e3o<\/strong><\/li><li data-start=\"2187\" data-end=\"2252\"><p data-start=\"2189\" data-end=\"2252\"><strong data-start=\"2189\" data-end=\"2252\">Quadras poliesportivas e piscina aquecida em diversas sedes<\/strong><\/p><\/li><li data-start=\"2253\" data-end=\"2321\"><p data-start=\"2255\" data-end=\"2321\"><strong data-start=\"2255\" data-end=\"2321\">Sede Campestre para eventos e lazer dos alunos e suas fam\u00edlias<\/strong><\/p><\/li><li data-start=\"2322\" data-end=\"2393\"><p data-start=\"2324\" data-end=\"2393\"><strong data-start=\"2324\" data-end=\"2393\">Laborat\u00f3rios modernos, com destaque para inform\u00e1tica e Psicologia<\/strong><\/p><\/li><li data-start=\"2394\" data-end=\"2482\"><p data-start=\"2396\" data-end=\"2482\"><strong data-start=\"2396\" data-end=\"2482\">Cl\u00ednica Escola de Psicologia com atendimento \u00e0 comunidade e pr\u00e1tica supervisionada<\/strong><\/p><\/li><\/ul><\/li><\/ul>\t\t\t\t\t\t\t\t<\/div>\n\t\t\t\t<\/div>\n\t\t<div class=\"elementor-element elementor-element-2a74f9a e-con-full e-flex e-con e-parent\" data-id=\"2a74f9a\" data-element_type=\"container\" data-settings=\"{&quot;background_background&quot;:&quot;classic&quot;}\">\n\t\t<div class=\"elementor-element elementor-element-0ae4adf e-con-full e-flex e-con e-child\" data-id=\"0ae4adf\" data-element_type=\"container\">\n\t\t\t\t<div class=\"elementor-element elementor-element-fec0e1b elementor-widget elementor-widget-heading\" data-id=\"fec0e1b\" data-element_type=\"widget\" data-widget_type=\"heading.default\">\n\t\t\t\t\t<h1 class=\"elementor-heading-title elementor-size-default\">Mantenedora<\/h1>\t\t\t\t<\/div>\n\t\t\t\t<\/div>\n\t\t<div class=\"elementor-element elementor-element-bcad289 e-con-full e-flex e-con e-child\" data-id=\"bcad289\" data-element_type=\"container\">\n\t\t\t\t<\/div>\n\t\t\t\t<\/div>\n\t\t<div class=\"elementor-element elementor-element-1dc0305 e-flex e-con-boxed e-con e-parent\" data-id=\"1dc0305\" data-element_type=\"container\">\n\t\t\t\t\t<div class=\"e-con-inner\">\n\t\t\t\t<div class=\"elementor-element elementor-element-5bfde66 elementor-widget elementor-widget-heading\" data-id=\"5bfde66\" data-element_type=\"widget\" data-widget_type=\"heading.default\">\n\t\t\t\t\t<h2 class=\"elementor-heading-title elementor-size-default\">Uma Miss\u00e3o que Transforma Vidas no Brasil e no Mundo<\/h2>\t\t\t\t<\/div>\n\t\t\t\t\t<\/div>\n\t\t\t\t<\/div>\n\t\t<div class=\"elementor-element elementor-element-ea54a51 e-flex e-con-boxed e-con e-parent\" data-id=\"ea54a51\" data-element_type=\"container\">\n\t\t\t\t\t<div class=\"e-con-inner\">\n\t\t<div class=\"elementor-element elementor-element-3dd565b e-con-full e-flex e-con e-child\" data-id=\"3dd565b\" data-element_type=\"container\">\n\t\t\t\t<div class=\"elementor-element elementor-element-a55daed elementor-widget elementor-widget-text-editor\" data-id=\"a55daed\" data-element_type=\"widget\" data-widget_type=\"text-editor.default\">\n\t\t\t\t\t\t\t\t\t<p data-start=\"225\" data-end=\"455\">Inspirada no compromisso de tornar o Deus Uno e Trino conhecido, amado e glorificado por todos os povos, a <strong data-start=\"332\" data-end=\"389\">Congrega\u00e7\u00e3o das Mission\u00e1rias Servas do Esp\u00edrito Santo<\/strong> \u00e9 a for\u00e7a espiritual que sustenta a miss\u00e3o da Faculdade Sant\u2019Ana.<\/p><p data-start=\"457\" data-end=\"645\">Com presen\u00e7a em <strong data-start=\"473\" data-end=\"486\">53 pa\u00edses<\/strong>, a congrega\u00e7\u00e3o re\u00fane mais de <strong data-start=\"516\" data-end=\"548\">1.500 Irm\u00e3s, Leigos e Leigas<\/strong>, que atuam em mais de <strong data-start=\"571\" data-end=\"586\">300 escolas<\/strong> e in\u00fameras obras sociais.<\/p><p data-start=\"457\" data-end=\"645\"><a href=\"https:\/\/ssps.org.br\/\"><img decoding=\"async\" class=\"aligncenter wp-image-539 size-full\" src=\"https:\/\/www.iessa.edu.br\/site\/wp-content\/uploads\/2025\/07\/logoSSPS-90x.png\" alt=\"\" width=\"215\" height=\"90\" \/><\/a><\/p>\t\t\t\t\t\t\t\t<\/div>\n\t\t\t\t<\/div>\n\t\t<div class=\"elementor-element elementor-element-1ef29f9 e-con-full e-flex e-con e-child\" data-id=\"1ef29f9\" data-element_type=\"container\">\n\t\t\t\t<div class=\"elementor-element elementor-element-73f224f elementor-widget elementor-widget-text-editor\" data-id=\"73f224f\" data-element_type=\"widget\" data-widget_type=\"text-editor.default\">\n\t\t\t\t\t\t\t\t\t<ul><li data-start=\"647\" data-end=\"663\"><p data-start=\"649\" data-end=\"663\"><strong data-start=\"649\" data-end=\"663\">9 <\/strong>col\u00e9gios<\/p><\/li><li data-start=\"664\" data-end=\"689\"><p data-start=\"666\" data-end=\"689\"><strong data-start=\"666\" data-end=\"689\">10 <\/strong>unidades sociais<\/p><\/li><li data-start=\"690\" data-end=\"707\"><p data-start=\"692\" data-end=\"707\"><strong data-start=\"692\" data-end=\"707\">2 <\/strong>hospitais<\/p><\/li><li data-start=\"708\" data-end=\"748\"><p data-start=\"710\" data-end=\"748\"><strong data-start=\"710\" data-end=\"746\">1 <\/strong>Institui\u00e7\u00e3o de Ensino Superior<\/p><\/li><li data-start=\"749\" data-end=\"823\"><p data-start=\"751\" data-end=\"823\">Mais de <strong data-start=\"759\" data-end=\"823\">10 mil crian\u00e7as, adolescentes e jovens atendidos na educa\u00e7\u00e3o<\/strong><\/p><\/li><li data-start=\"824\" data-end=\"886\"><p data-start=\"826\" data-end=\"886\">Aproximadamente <strong data-start=\"842\" data-end=\"886\">100 mil pessoas beneficiadas diretamente<\/strong><\/p><\/li><\/ul>\t\t\t\t\t\t\t\t<\/div>\n\t\t\t\t<\/div>\n\t\t\t\t\t<\/div>\n\t\t\t\t<\/div>\n\t\t<div class=\"elementor-element elementor-element-d276aad e-con-full e-flex e-con e-parent\" data-id=\"d276aad\" data-element_type=\"container\" data-settings=\"{&quot;background_background&quot;:&quot;classic&quot;}\">\n\t\t\t\t<div class=\"elementor-element elementor-element-ad8803c elementor-widget elementor-widget-heading\" data-id=\"ad8803c\" data-element_type=\"widget\" data-widget_type=\"heading.default\">\n\t\t\t\t\t<h2 class=\"elementor-heading-title elementor-size-default\">Conhe\u00e7a outros cursos<\/h2>\t\t\t\t<\/div>\n\t\t\t\t<\/div>\n\t\t<div class=\"elementor-element elementor-element-6279ec4 e-flex e-con-boxed e-con e-parent\" data-id=\"6279ec4\" data-element_type=\"container\">\n\t\t\t\t\t<div class=\"e-con-inner\">\n\t\t<div class=\"elementor-element elementor-element-7c9f398 e-con-full e-flex e-con e-child\" data-id=\"7c9f398\" data-element_type=\"container\">\n\t\t\t\t<div class=\"elementor-element elementor-element-881d556 elementor-position-top elementor-widget elementor-widget-image-box\" data-id=\"881d556\" data-element_type=\"widget\" data-widget_type=\"image-box.default\">\n\t\t\t\t\t<div class=\"elementor-image-box-wrapper\"><figure class=\"elementor-image-box-img\"><a href=\"https:\/\/www.iessa.edu.br\/site\/psicologia\/\" tabindex=\"-1\"><img fetchpriority=\"high\" decoding=\"async\" width=\"300\" height=\"300\" src=\"https:\/\/www.iessa.edu.br\/site\/wp-content\/uploads\/2025\/05\/psicologia-300x300-1.jpg\" class=\"elementor-animation-shrink attachment-full size-full wp-image-63\" alt=\"\" srcset=\"https:\/\/www.iessa.edu.br\/site\/wp-content\/uploads\/2025\/05\/psicologia-300x300-1.jpg 300w, https:\/\/www.iessa.edu.br\/site\/wp-content\/uploads\/2025\/05\/psicologia-300x300-1-150x150.jpg 150w\" sizes=\"(max-width: 300px) 100vw, 300px\" \/><\/a><\/figure><div class=\"elementor-image-box-content\"><h3 class=\"elementor-image-box-title\"><a href=\"https:\/\/www.iessa.edu.br\/site\/psicologia\/\">Psicologia<\/a><\/h3><\/div><\/div>\t\t\t\t<\/div>\n\t\t\t\t<\/div>\n\t\t<div class=\"elementor-element elementor-element-461baab e-con-full e-flex e-con e-child\" data-id=\"461baab\" data-element_type=\"container\">\n\t\t\t\t<div class=\"elementor-element elementor-element-5f651f7 elementor-position-top elementor-widget elementor-widget-image-box\" data-id=\"5f651f7\" data-element_type=\"widget\" data-widget_type=\"image-box.default\">\n\t\t\t\t\t<div class=\"elementor-image-box-wrapper\"><figure class=\"elementor-image-box-img\"><a href=\"https:\/\/www.iessa.edu.br\/site\/fonoaudiologia\/\" tabindex=\"-1\"><img decoding=\"async\" width=\"300\" height=\"300\" src=\"https:\/\/www.iessa.edu.br\/site\/wp-content\/uploads\/2025\/05\/fonoaudiologia-300x300-1.jpg\" class=\"elementor-animation-shrink attachment-full size-full wp-image-61\" alt=\"\" srcset=\"https:\/\/www.iessa.edu.br\/site\/wp-content\/uploads\/2025\/05\/fonoaudiologia-300x300-1.jpg 300w, https:\/\/www.iessa.edu.br\/site\/wp-content\/uploads\/2025\/05\/fonoaudiologia-300x300-1-150x150.jpg 150w\" sizes=\"(max-width: 300px) 100vw, 300px\" \/><\/a><\/figure><div class=\"elementor-image-box-content\"><h3 class=\"elementor-image-box-title\"><a href=\"https:\/\/www.iessa.edu.br\/site\/fonoaudiologia\/\">Fonoaudiologia<\/a><\/h3><\/div><\/div>\t\t\t\t<\/div>\n\t\t\t\t<\/div>\n\t\t<div class=\"elementor-element elementor-element-7f02d48 e-con-full e-flex e-con e-child\" data-id=\"7f02d48\" data-element_type=\"container\">\n\t\t\t\t<div class=\"elementor-element elementor-element-78bfc74 elementor-position-top elementor-widget elementor-widget-image-box\" data-id=\"78bfc74\" data-element_type=\"widget\" data-widget_type=\"image-box.default\">\n\t\t\t\t\t<div class=\"elementor-image-box-wrapper\"><figure class=\"elementor-image-box-img\"><a href=\"https:\/\/www.iessa.edu.br\/site\/educacaofisica\/\" tabindex=\"-1\"><img loading=\"lazy\" decoding=\"async\" width=\"300\" height=\"300\" src=\"https:\/\/www.iessa.edu.br\/site\/wp-content\/uploads\/2025\/05\/educacao-fisica-300x300-1.jpg\" class=\"elementor-animation-shrink attachment-full size-full wp-image-60\" alt=\"\" srcset=\"https:\/\/www.iessa.edu.br\/site\/wp-content\/uploads\/2025\/05\/educacao-fisica-300x300-1.jpg 300w, https:\/\/www.iessa.edu.br\/site\/wp-content\/uploads\/2025\/05\/educacao-fisica-300x300-1-150x150.jpg 150w\" sizes=\"(max-width: 300px) 100vw, 300px\" \/><\/a><\/figure><div class=\"elementor-image-box-content\"><h3 class=\"elementor-image-box-title\"><a href=\"https:\/\/www.iessa.edu.br\/site\/educacaofisica\/\">Educa\u00e7\u00e3o F\u00edsica<\/a><\/h3><\/div><\/div>\t\t\t\t<\/div>\n\t\t\t\t<\/div>\n\t\t\t\t\t<\/div>\n\t\t\t\t<\/div>\n\t\t<div class=\"elementor-element elementor-element-579d84c e-con-full e-flex e-con e-parent\" data-id=\"579d84c\" data-element_type=\"container\">\n\t\t<div class=\"elementor-element elementor-element-101c51a e-con-full e-flex e-con e-child\" data-id=\"101c51a\" data-element_type=\"container\">\n\t\t<div class=\"elementor-element elementor-element-1ac11b5 e-con-full e-flex e-con e-child\" data-id=\"1ac11b5\" data-element_type=\"container\">\n\t\t<div class=\"elementor-element elementor-element-a3c0655 e-con-full e-flex e-con e-child\" data-id=\"a3c0655\" data-element_type=\"container\" data-settings=\"{&quot;background_background&quot;:&quot;classic&quot;}\">\n\t\t<div class=\"elementor-element elementor-element-7547a39 e-con-full e-flex e-con e-child\" data-id=\"7547a39\" data-element_type=\"container\">\n\t\t\t\t<div class=\"elementor-element elementor-element-59b1571 elementor-widget elementor-widget-text-editor\" data-id=\"59b1571\" data-element_type=\"widget\" data-widget_type=\"text-editor.default\">\n\t\t\t\t\t\t\t\t\tEscolha o curso da sua vida.<br> Venha estudar em uma das mais respeitadas institui\u00e7\u00f5es de ensino da regi\u00e3o.\t\t\t\t\t\t\t\t<\/div>\n\t\t\t\t<\/div>\n\t\t<div class=\"elementor-element elementor-element-8a58894 e-con-full e-flex e-con e-child\" data-id=\"8a58894\" data-element_type=\"container\">\n\t\t\t\t<div class=\"elementor-element elementor-element-bc6416d elementor-align-center elementor-widget elementor-widget-button\" data-id=\"bc6416d\" data-element_type=\"widget\" data-widget_type=\"button.default\">\n\t\t\t\t\t\t\t\t\t\t<a class=\"elementor-button elementor-button-link elementor-size-sm\" href=\"#\">\n\t\t\t\t\t\t<span class=\"elementor-button-content-wrapper\">\n\t\t\t\t\t\t\t\t\t<span class=\"elementor-button-text\">FA\u00c7A AGORA SUA INSCRI\u00c7\u00c3O<\/span>\n\t\t\t\t\t<\/span>\n\t\t\t\t\t<\/a>\n\t\t\t\t\t\t\t\t<\/div>\n\t\t\t\t<\/div>\n\t\t\t\t<\/div>\n\t\t\t\t<\/div>\n\t\t\t\t<\/div>\n\t\t\t\t<\/div>\n\t\t<div class=\"elementor-element elementor-element-655d0db e-flex e-con-boxed e-con e-parent\" data-id=\"655d0db\" data-element_type=\"container\">\n\t\t\t\t\t<div class=\"e-con-inner\">\n\t\t\t\t\t<\/div>\n\t\t\t\t<\/div>\n\t\t\t\t<\/div>\n\t\t","protected":false},"excerpt":{"rendered":"<p>Institucional A Institui\u00e7\u00e3o de Ensino Superior Sant&#8217;Ana (IESSA) re\u00fane o Instituto Superior de Educa\u00e7\u00e3o Sant\u2019Ana (Portaria n\u00ba 2812 de 03\/10\/2002) e a Faculdade Sant\u2019Ana (Portaria n\u00ba 594 de 28\/02\/2005), compondo uma trajet\u00f3ria s\u00f3lida e comprometida com a forma\u00e7\u00e3o integral de seus alunos. Fundamentada nos valores centen\u00e1rios do Col\u00e9gio Sant\u2019Ana e na miss\u00e3o filos\u00f3fica das Mission\u00e1rias [&hellip;]<\/p>\n","protected":false},"author":1,"featured_media":0,"parent":0,"menu_order":0,"comment_status":"closed","ping_status":"closed","template":"elementor_header_footer","meta":{"_acf_changed":false,"footnotes":""},"class_list":["post-536","page","type-page","status-publish","hentry"],"acf":[],"_links":{"self":[{"href":"https:\/\/www.iessa.edu.br\/site\/wp-json\/wp\/v2\/pages\/536","targetHints":{"allow":["GET"]}}],"collection":[{"href":"https:\/\/www.iessa.edu.br\/site\/wp-json\/wp\/v2\/pages"}],"about":[{"href":"https:\/\/www.iessa.edu.br\/site\/wp-json\/wp\/v2\/types\/page"}],"author":[{"embeddable":true,"href":"https:\/\/www.iessa.edu.br\/site\/wp-json\/wp\/v2\/users\/1"}],"replies":[{"embeddable":true,"href":"https:\/\/www.iessa.edu.br\/site\/wp-json\/wp\/v2\/comments?post=536"}],"version-history":[{"count":3,"href":"https:\/\/www.iessa.edu.br\/site\/wp-json\/wp\/v2\/pages\/536\/revisions"}],"predecessor-version":[{"id":542,"href":"https:\/\/www.iessa.edu.br\/site\/wp-json\/wp\/v2\/pages\/536\/revisions\/542"}],"wp:attachment":[{"href":"https:\/\/www.iessa.edu.br\/site\/wp-json\/wp\/v2\/media?parent=536"}],"curies":[{"name":"wp","href":"https:\/\/api.w.org\/{rel}","templated":true}]}}