{"id":630,"date":"2025-08-04T20:15:44","date_gmt":"2025-08-04T20:15:44","guid":{"rendered":"https:\/\/www.iessa.edu.br\/site\/?page_id=630"},"modified":"2025-08-05T19:17:55","modified_gmt":"2025-08-05T19:17:55","slug":"pedagogia-2-3-3","status":"publish","type":"page","link":"https:\/\/www.iessa.edu.br\/site\/pedagogia-2-3-3\/","title":{"rendered":"Noticias"},"content":{"rendered":"\t\t<div data-elementor-type=\"wp-page\" data-elementor-id=\"630\" class=\"elementor elementor-630\" data-elementor-post-type=\"page\">\n\t\t\t\t<div class=\"elementor-element elementor-element-9484fd6 e-con-full e-flex e-con e-parent\" data-id=\"9484fd6\" data-element_type=\"container\" data-settings=\"{&quot;background_background&quot;:&quot;classic&quot;}\">\n\t\t<div class=\"elementor-element elementor-element-96e32c5 e-con-full e-flex e-con e-child\" data-id=\"96e32c5\" data-element_type=\"container\">\n\t\t\t\t<div class=\"elementor-element elementor-element-73711a3 elementor-widget elementor-widget-heading\" data-id=\"73711a3\" data-element_type=\"widget\" data-widget_type=\"heading.default\">\n\t\t\t\t\t<h1 class=\"elementor-heading-title elementor-size-default\">Not\u00edcias<\/h1>\t\t\t\t<\/div>\n\t\t\t\t<\/div>\n\t\t<div class=\"elementor-element elementor-element-c409378 e-con-full e-flex e-con e-child\" data-id=\"c409378\" data-element_type=\"container\">\n\t\t\t\t<\/div>\n\t\t\t\t<\/div>\n\t\t<div class=\"elementor-element elementor-element-a5ec7e7 e-con-full e-flex e-con e-parent\" data-id=\"a5ec7e7\" data-element_type=\"container\" data-settings=\"{&quot;background_background&quot;:&quot;classic&quot;}\">\n\t\t<div class=\"elementor-element elementor-element-4d9efd1 e-con-full e-flex e-con e-child\" data-id=\"4d9efd1\" data-element_type=\"container\">\n\t\t\t\t<div class=\"elementor-element elementor-element-5d5ac1c elementor-widget__width-inherit elementor-widget elementor-widget-ucaddon_post_news_tickers\" data-id=\"5d5ac1c\" data-element_type=\"widget\" data-widget_type=\"ucaddon_post_news_tickers.default\">\n\t\t\t\t<div class=\"elementor-widget-container\">\n\t\t\t\t\t\n<!-- start Post Ticker -->\n\t\t<link id='font-awesome-css' href='https:\/\/www.iessa.edu.br\/site\/wp-content\/plugins\/unlimited-elements-for-elementor\/assets_libraries\/font-awesome6\/fontawesome-all.min.css' type='text\/css' rel='stylesheet' >\n\t\t<link id='font-awesome-4-shim-css' href='https:\/\/www.iessa.edu.br\/site\/wp-content\/plugins\/unlimited-elements-for-elementor\/assets_libraries\/font-awesome6\/fontawesome-v4-shims.min.css' type='text\/css' rel='stylesheet' >\n\t\t<link id='owl-carousel-css' href='https:\/\/www.iessa.edu.br\/site\/wp-content\/plugins\/unlimited-elements-for-elementor\/assets_libraries\/owl-carousel-new\/assets\/owl.carousel.css' type='text\/css' rel='stylesheet' >\n\t\t<link id='uc_ac_assets_file_uc_news_ticker_css_25623-css' href='https:\/\/www.iessa.edu.br\/site\/wp-content\/uploads\/ac_assets\/News Tickers\/uc_news_ticker.css' type='text\/css' rel='stylesheet' >\n\t\t<link id='uc_ac_assets_file_animate_css_77907-css' href='https:\/\/www.iessa.edu.br\/site\/wp-content\/uploads\/ac_assets\/News Tickers\/animate.css' type='text\/css' rel='stylesheet' >\n\n<style>\/* widget: Post Ticker *\/\n\n\t\n\n#uc_post_news_tickers_elementor_5d5ac1c.uc_news_ticker-holder .flex-container {\n    -webkit-background-clip: padding-box; \n    -moz-background-clip:    padding; \n    background-clip:         padding-box;\n}\n\n#uc_post_news_tickers_elementor_5d5ac1c.uc_news_ticker-holder .point-arrow:after{\n\tborder-left-color: #999999;\n}\n\n#uc_post_news_tickers_elementor_5d5ac1c .uc_ticker-heading {\n  background-color: #999999;\n  align-self: stretch;\n  display: flex;\n  align-items: center;\n  justify-content: center;\n}\n\n#uc_post_news_tickers_elementor_5d5ac1c.uc_news_ticker-holder .uc_ticker-control .uc_ticker-nav a{\n  \tbackground:#555555;\n\tcolor:#ffffff;\n  \tpadding: 0px 20px;\n}\n\n#uc_post_news_tickers_elementor_5d5ac1c.uc_news_ticker-holder .uc_ticker-control .uc_ticker-nav a:hover{\n  \tbackground:#eeeeee;\n\tcolor:#000000;\n}\n\n#uc_post_news_tickers_elementor_5d5ac1c .owl-carousel .animated   {\n-webkit-animation-duration: 500ms;\nanimation-duration: 500ms;\n}\n\n<\/style>\n\n<div class=\"uc_news_ticker-holder \" id=\"uc_post_news_tickers_elementor_5d5ac1c\">\n\t<div class=\"uc_news_ticker ltr\">\n\t\t\n\t\t<div class=\"uc_diagonal-news-ticker flex-container\">\n\t\t\t<div class=\"uc_ticker-heading \">\n\t\t\t\t<div class=\"uc_heading-content\"><span  class=\"uc_style_post_news_tickers_elementor_label_text\" style=\"color:#E7E7E7;\">#FIQUE LIGADO<\/span><\/div>\n\t\t\t<\/div>\n\n\t\t\t<div class=\"uc_ticker-content\">\n\t\t\t\t<div class=\"uc_ticker-slider uc_slider uc-items-wrapper owl-carousel  \"  >\n\t\t\t\t\t<div class=\"uc_ticker-box uc-item-hidden\">\n  \t<a href=\"https:\/\/www.iessa.edu.br\/site\/tecnologia-e-abordagem-personalizada-na-fonoaudiologia-abre-caminhos-para-a-inclusao-de-pessoas-autistas\/\"><p class=\"ue_post_title\">Tecnologia e abordagem personalizada na fonoaudiologia abre caminhos para a inclus\u00e3o de pessoas autistas<\/p><\/a>\n    \n    \n     \n  <\/div>\n<div class=\"uc_ticker-box uc-item-hidden\">\n  \t<a href=\"https:\/\/www.iessa.edu.br\/site\/ix-mostra-cultural-santana-promove-integracao-artistica-e-formacao-academica\/\"><p class=\"ue_post_title\">IX Mostra Cultural Sant\u2019Ana promove integra\u00e7\u00e3o art\u00edstica e forma\u00e7\u00e3o acad\u00eamica<\/p><\/a>\n    \n    \n     \n  <\/div>\n<div class=\"uc_ticker-box uc-item-hidden\">\n  \t<a href=\"https:\/\/www.iessa.edu.br\/site\/inscricoes-abertas-para-a-xxiii-jornada-cientifica-dos-campos-gerais\/\"><p class=\"ue_post_title\">Inscri\u00e7\u00f5es abertas para a XXIII Jornada Cient\u00edfica dos Campos Gerais<\/p><\/a>\n    \n    \n     \n  <\/div>\n\n\t\t\t\t<\/div>\n              \t\n              \t              \n              \t                    <svg id=\"bg\" height=\"100%\" width=\"50\" viewBox=\"0 0 150 100\" preserveAspectRatio=\"none\" shape-rendering=\"geometricPrecision\">\n                        <path d=\"M0,0 h0 l40,50 l-40,50 h-100z\" fill=\"#999999\"><\/path>\n                    <\/svg>\n                \n                \t\t\t<\/div>\n\t\t<\/div>\n\t\t   \t\n    <\/div>\n<\/div>\n<!-- end Post Ticker -->\t\t\t\t<\/div>\n\t\t\t\t<\/div>\n\t\t\t\t<\/div>\n\t\t<div class=\"elementor-element elementor-element-bcea9d2 e-con-full e-flex e-con e-child\" data-id=\"bcea9d2\" data-element_type=\"container\">\n\t\t\t\t<div class=\"elementor-element elementor-element-2702ab1 elementor-widget elementor-widget-search\" data-id=\"2702ab1\" data-element_type=\"widget\" data-settings=\"{&quot;submit_trigger&quot;:&quot;click_submit&quot;,&quot;pagination_type_options&quot;:&quot;none&quot;}\" data-widget_type=\"search.default\">\n\t\t\t\t\t\t\t<search class=\"e-search hidden\" role=\"search\">\n\t\t\t<form class=\"e-search-form\" action=\"https:\/\/www.iessa.edu.br\/site\" method=\"get\">\n\n\t\t\t\t\n\t\t\t\t<label class=\"e-search-label\" for=\"search-2702ab1\">\n\t\t\t\t\t<span class=\"elementor-screen-only\">\n\t\t\t\t\t\tPesquisar\t\t\t\t\t<\/span>\n\t\t\t\t\t\t\t\t\t<\/label>\n\n\t\t\t\t<div class=\"e-search-input-wrapper\">\n\t\t\t\t\t<input id=\"search-2702ab1\" placeholder=\"O que voc\u00ea procura?\" class=\"e-search-input\" type=\"search\" name=\"s\" value=\"\" autocomplete=\"off\" role=\"combobox\" aria-autocomplete=\"list\" aria-expanded=\"false\" aria-controls=\"results-2702ab1\" aria-haspopup=\"listbox\">\n\t\t\t\t\t<svg aria-hidden=\"true\" class=\"e-font-icon-svg e-fas-times\" viewBox=\"0 0 352 512\" xmlns=\"http:\/\/www.w3.org\/2000\/svg\"><path d=\"M242.72 256l100.07-100.07c12.28-12.28 12.28-32.19 0-44.48l-22.24-22.24c-12.28-12.28-32.19-12.28-44.48 0L176 189.28 75.93 89.21c-12.28-12.28-32.19-12.28-44.48 0L9.21 111.45c-12.28 12.28-12.28 32.19 0 44.48L109.28 256 9.21 356.07c-12.28 12.28-12.28 32.19 0 44.48l22.24 22.24c12.28 12.28 32.2 12.28 44.48 0L176 322.72l100.07 100.07c12.28 12.28 32.2 12.28 44.48 0l22.24-22.24c12.28-12.28 12.28-32.19 0-44.48L242.72 256z\"><\/path><\/svg>\t\t\t\t\t\t\t\t\t\t<output id=\"results-2702ab1\" class=\"e-search-results-container hide-loader\" aria-live=\"polite\" aria-atomic=\"true\" aria-label=\"Resultados da pesquisa\" tabindex=\"0\">\n\t\t\t\t\t\t<div class=\"e-search-results\"><\/div>\n\t\t\t\t\t\t\t\t\t\t\t<\/output>\n\t\t\t\t\t\t\t\t\t<\/div>\n\t\t\t\t\n\t\t\t\t\n\t\t\t\t<button class=\"e-search-submit  \" type=\"submit\" aria-label=\"Pesquisar\">\n\t\t\t\t\t<svg aria-hidden=\"true\" class=\"e-font-icon-svg e-fas-search\" viewBox=\"0 0 512 512\" xmlns=\"http:\/\/www.w3.org\/2000\/svg\"><path d=\"M505 442.7L405.3 343c-4.5-4.5-10.6-7-17-7H372c27.6-35.3 44-79.7 44-128C416 93.1 322.9 0 208 0S0 93.1 0 208s93.1 208 208 208c48.3 0 92.7-16.4 128-44v16.3c0 6.4 2.5 12.5 7 17l99.7 99.7c9.4 9.4 24.6 9.4 33.9 0l28.3-28.3c9.4-9.4 9.4-24.6.1-34zM208 336c-70.7 0-128-57.2-128-128 0-70.7 57.2-128 128-128 70.7 0 128 57.2 128 128 0 70.7-57.2 128-128 128z\"><\/path><\/svg>\n\t\t\t\t\t\t\t\t\t<\/button>\n\t\t\t\t<input type=\"hidden\" name=\"e_search_props\" value=\"2702ab1-630\">\n\t\t\t<\/form>\n\t\t<\/search>\n\t\t\t\t\t\t<\/div>\n\t\t\t\t<\/div>\n\t\t\t\t<\/div>\n\t\t<div class=\"elementor-element elementor-element-afefab6 e-con-full e-flex e-con e-parent\" data-id=\"afefab6\" data-element_type=\"container\" data-settings=\"{&quot;background_background&quot;:&quot;classic&quot;}\">\n\t\t\t\t<div class=\"elementor-element elementor-element-2034329 elementor-widget elementor-widget-heading\" data-id=\"2034329\" data-element_type=\"widget\" data-widget_type=\"heading.default\">\n\t\t\t\t\t<h2 class=\"elementor-heading-title elementor-size-default\">Recomendamos tamb\u00e9m<\/h2>\t\t\t\t<\/div>\n\t\t\t\t<\/div>\n\t\t<div class=\"elementor-element elementor-element-d161ac8 e-con-full e-flex e-con e-parent\" data-id=\"d161ac8\" data-element_type=\"container\" data-settings=\"{&quot;background_background&quot;:&quot;classic&quot;}\">\n\t\t\t\t<\/div>\n\t\t<div class=\"elementor-element elementor-element-6743c78 e-flex e-con-boxed e-con e-parent\" data-id=\"6743c78\" data-element_type=\"container\">\n\t\t\t\t\t<div class=\"e-con-inner\">\n\t\t\t\t\t<\/div>\n\t\t\t\t<\/div>\n\t\t<div class=\"elementor-element elementor-element-77e9c25 e-con-full e-flex e-con e-parent\" data-id=\"77e9c25\" data-element_type=\"container\">\n\t\t<div class=\"elementor-element elementor-element-35d96b6 e-con-full e-flex e-con e-child\" data-id=\"35d96b6\" data-element_type=\"container\">\n\t\t\t\t<\/div>\n\t\t<div class=\"elementor-element elementor-element-d859a13 e-con-full e-flex e-con e-child\" data-id=\"d859a13\" data-element_type=\"container\">\n\t\t\t\t<\/div>\n\t\t<div class=\"elementor-element elementor-element-8b31e8c e-con-full e-flex e-con e-child\" data-id=\"8b31e8c\" data-element_type=\"container\">\n\t\t\t\t<\/div>\n\t\t\t\t<\/div>\n\t\t<div class=\"elementor-element elementor-element-3964594 e-flex e-con-boxed e-con e-parent\" data-id=\"3964594\" data-element_type=\"container\">\n\t\t\t\t\t<div class=\"e-con-inner\">\n\t\t\t\t\t<\/div>\n\t\t\t\t<\/div>\n\t\t\t\t<\/div>\n\t\t","protected":false},"excerpt":{"rendered":"<p>Not\u00edcias #FIQUE LIGADO Tecnologia e abordagem personalizada na fonoaudiologia abre caminhos para a inclus\u00e3o de pessoas autistas Pesquisar Recomendamos tamb\u00e9m<\/p>\n","protected":false},"author":1,"featured_media":0,"parent":0,"menu_order":0,"comment_status":"closed","ping_status":"closed","template":"elementor_theme","meta":{"_acf_changed":false,"footnotes":""},"class_list":["post-630","page","type-page","status-publish","hentry"],"acf":[],"_links":{"self":[{"href":"https:\/\/www.iessa.edu.br\/site\/wp-json\/wp\/v2\/pages\/630","targetHints":{"allow":["GET"]}}],"collection":[{"href":"https:\/\/www.iessa.edu.br\/site\/wp-json\/wp\/v2\/pages"}],"about":[{"href":"https:\/\/www.iessa.edu.br\/site\/wp-json\/wp\/v2\/types\/page"}],"author":[{"embeddable":true,"href":"https:\/\/www.iessa.edu.br\/site\/wp-json\/wp\/v2\/users\/1"}],"replies":[{"embeddable":true,"href":"https:\/\/www.iessa.edu.br\/site\/wp-json\/wp\/v2\/comments?post=630"}],"version-history":[{"count":11,"href":"https:\/\/www.iessa.edu.br\/site\/wp-json\/wp\/v2\/pages\/630\/revisions"}],"predecessor-version":[{"id":643,"href":"https:\/\/www.iessa.edu.br\/site\/wp-json\/wp\/v2\/pages\/630\/revisions\/643"}],"wp:attachment":[{"href":"https:\/\/www.iessa.edu.br\/site\/wp-json\/wp\/v2\/media?parent=630"}],"curies":[{"name":"wp","href":"https:\/\/api.w.org\/{rel}","templated":true}]}}